{"id":209,"date":"2020-12-13T15:14:43","date_gmt":"2020-12-13T14:14:43","guid":{"rendered":"http:\/\/wp.roulmans.com\/?page_id=209"},"modified":"2020-12-13T15:34:40","modified_gmt":"2020-12-13T14:34:40","slug":"free-style","status":"publish","type":"page","link":"https:\/\/wp.roulmans.com\/index.php\/sections\/free-style\/","title":{"rendered":"Free Style"},"content":{"rendered":"\n<p>La discipline&nbsp;<strong>Free-Style&nbsp;<\/strong>s&#8217;adresse avant tout \u00e0 des pratiquants d\u00e9j\u00e0 exp\u00e9riment\u00e9s. Pour les d\u00e9butants, il est fortement conseill\u00e9 de passer par l&#8217;\u00e9tape initiation\/perfectionnement.<br>Nous avons \u00e0 notre disposition deux cr\u00e9neaux au Spot,&nbsp;<strong>ACC\u00c8S SUR INSCRIPTION<\/strong>&nbsp;:<\/p>\n\n\n\n<ul><li>Le mardi de 20h45 \u00e0 22h15<\/li><li>Le samedi de 10h00 \u00e0 11h30.<\/li><\/ul>\n\n\n\n<p><strong>Premi\u00e8re s\u00e9ance de la saison : Mardi 15 septembre 2020.<\/strong><\/p>\n\n\n\n<p>Le Spot c&#8217;est une salle (situ\u00e9e vers la fac du Mans) r\u00e9serv\u00e9e \u00e0 la discipline<strong>&nbsp;Free-Style<\/strong>. On y trouve des modules qui permettent de travailler les slides, les courbes, les pentes, les figures acrobatiques&#8230;Le&nbsp;<strong>casque<\/strong>&nbsp;est&nbsp;<strong>obligatoire<\/strong>, et le port de protection compl\u00e9mentaires (prot\u00e8ges coudes, genoux, poignets&#8230;) est tr\u00e8s fortement conseill\u00e9 !<br>Le niveau des pratiquants est tr\u00e8s disparate et nous ne donnons aucun cours durant ces sessions.En revanche, vous progresserez car chacun, fid\u00e8le \u00e0 l&#8217;esprit de Roul&#8217;mans, vous y aidera en fonction de votre niveau.<br>Vous \u00eates donc les bienvenus !<br><strong>Protocole sanitaire appliqu\u00e9 au Spot:<\/strong>&#8211;&nbsp;acc\u00e8s limit\u00e9 \u00e0 20 personnes au total- accompagnateurs non autoris\u00e9s \u00e0 entrer dans le b\u00e2timent- vestiaires ferm\u00e9s- port du masque obligatoire hors de l&#8217;espace de glisse- respect des r\u00e8gles de distanciation.<br>Ce protocole implique la mise en place de l&#8217;organisation suivante:- inscription sur le&nbsp;<strong><a href=\"https:\/\/framadate.org\/DCIVoncqapXYts69\">SONDAGE<\/a><\/strong>&nbsp;jusqu&#8217;\u00e0 la veille du cr\u00e9neau (20h max)- ne choisir qu&#8217;un des deux cr\u00e9neaux chaque semaine, pour permettre aux maximum d&#8217;adh\u00e9rents de profiter du Spot- ne s&#8217;inscrire que si vous \u00eates s\u00fbrs de venir- les mineurs ne seront accept\u00e9s que dans la mesure o\u00f9 ils sont capables de s&#8217;\u00e9quiper et d&#8217;\u00e9voluer dans l&#8217;espace de glisse en autonomie, ou s&#8217;ils sont accompagn\u00e9s par un parent patineur capable de les prendre en charge.<\/p>\n\n\n\n<p>Jean-No\u00ebl<\/p>\n","protected":false},"excerpt":{"rendered":"<p>La discipline&nbsp;Free-Style&nbsp;s&#8217;adresse avant tout \u00e0 des pratiquants d\u00e9j\u00e0 exp\u00e9riment\u00e9s. Pour les d\u00e9butants, il est fortement conseill\u00e9 de passer par l&#8217;\u00e9tape initiation\/perfectionnement.Nous avons \u00e0 notre disposition deux cr\u00e9neaux au Spot,&nbsp;ACC\u00c8S SUR INSCRIPTION&nbsp;: Le mardi de 20h45 \u00e0 22h15 Le samedi de 10h00 \u00e0 11h30. Premi\u00e8re s\u00e9ance de la saison : Mardi 15 septembre 2020. Le Spot [&hellip;]<\/p>\n","protected":false},"author":1,"featured_media":0,"parent":16,"menu_order":0,"comment_status":"closed","ping_status":"closed","template":"","meta":[],"_links":{"self":[{"href":"https:\/\/wp.roulmans.com\/index.php\/wp-json\/wp\/v2\/pages\/209"}],"collection":[{"href":"https:\/\/wp.roulmans.com\/index.php\/wp-json\/wp\/v2\/pages"}],"about":[{"href":"https:\/\/wp.roulmans.com\/index.php\/wp-json\/wp\/v2\/types\/page"}],"author":[{"embeddable":true,"href":"https:\/\/wp.roulmans.com\/index.php\/wp-json\/wp\/v2\/users\/1"}],"replies":[{"embeddable":true,"href":"https:\/\/wp.roulmans.com\/index.php\/wp-json\/wp\/v2\/comments?post=209"}],"version-history":[{"count":2,"href":"https:\/\/wp.roulmans.com\/index.php\/wp-json\/wp\/v2\/pages\/209\/revisions"}],"predecessor-version":[{"id":221,"href":"https:\/\/wp.roulmans.com\/index.php\/wp-json\/wp\/v2\/pages\/209\/revisions\/221"}],"up":[{"embeddable":true,"href":"https:\/\/wp.roulmans.com\/index.php\/wp-json\/wp\/v2\/pages\/16"}],"wp:attachment":[{"href":"https:\/\/wp.roulmans.com\/index.php\/wp-json\/wp\/v2\/media?parent=209"}],"curies":[{"name":"wp","href":"https:\/\/api.w.org\/{rel}","templated":true}]}}