{"id":206,"date":"2020-12-13T15:13:52","date_gmt":"2020-12-13T14:13:52","guid":{"rendered":"http:\/\/wp.roulmans.com\/?page_id=206"},"modified":"2020-12-13T15:36:48","modified_gmt":"2020-12-13T14:36:48","slug":"hockey-loisir","status":"publish","type":"page","link":"https:\/\/wp.roulmans.com\/index.php\/sections\/hockey-loisir\/","title":{"rendered":"Hockey Loisir"},"content":{"rendered":"\n<p><strong>Pr\u00e9sentation<\/strong><\/p>\n\n\n\n<p>Reconnue discipline de haut niveau par le Minist\u00e8re des Sports, le Roller In Line Hockey est un sport collectif en plein essor offrant un jeu spectaculaire. Agiles sur leurs rollers, habiles avec leur crosse, les hockeyeurs manient le palet et s\u2019affrontent dans des rencontres empreintes de rapidit\u00e9 et de tactique, privil\u00e9giant la finesse \u00e0 la duret\u00e9 physique.<\/p>\n\n\n\n<p>En senior, femmes et hommes jouent les premiers r\u00f4les, se situant fr\u00e9quemment dans les 4 premi\u00e8res nations mondiales, rivalisant avec des pays comme le Canada, les Etats-Unis ou la R\u00e9publique Tch\u00e8que.<\/p>\n\n\n\n<p>Chez les Espoirs, la domination est sans partage, les bleuets sont double champion d\u2019Europe.<br>Les Clubs fran\u00e7ais dominent le Rilh europ\u00e9en, s\u2019imposant depuis deux ans en Coupe d\u2019Europe des Clubs.<\/p>\n\n\n\n<ul><li>2 mi-temps de 10 \u00e0 25 minutes de jeu effectif en fonction des cat\u00e9gories,<\/li><li>2 \u00e9quipes de 16 joueurs maximum, s\u2019affrontant 4 contre 4,<\/li><li>Des championnats pour tous les niveaux, femmes ou hommes,<\/li><li>Des protections adapt\u00e9es compos\u00e9es d\u2019un casque, des gants et des jambi\u00e8res<\/li><li>Un palet qui favorise le jeu rapide et la technique.<\/li><\/ul>\n\n\n\n<p>Un sport pour tous\u2026<strong><em>Bonne nouvelle<\/em><\/strong>,<\/p>\n\n\n\n<p>Les vacances se terminent \ud83d\ude09<\/p>\n\n\n\n<p>Reprise des entrainements le&nbsp;<strong>vendredi 04 septembre 2020 18h30 \u00e0 20h00<\/strong>&nbsp;au gymnase Vauguyon.<\/p>\n\n\n\n<p>Comme chaque ann\u00e9e nos jeunes reapers ont particip\u00e9 \u00e0 des rencontres avec d&#8217;autres clubs. En jouant \u00e0 des matchs amicaux. Le tout dans la bonne humeur et le plaisir de rencontrer d&#8217;autres \u00e9quipes.<\/p>\n\n\n\n<p>Chaque saison pour nos joueurs Roul&#8217;mans propose \u00e0 la location dans la mesure de notre stock de mat\u00e9riel gants, casque, jambi\u00e8res et crosse pour 5\u20ac par \u00e9l\u00e9ment avec une caution de 100\u20ac.<\/p>\n\n\n\n<p>\u00c0 tr\u00e8s vite&nbsp;!!!&nbsp;<\/p>\n\n\n\n<p>Laurent.<\/p>\n","protected":false},"excerpt":{"rendered":"<p>Pr\u00e9sentation Reconnue discipline de haut niveau par le Minist\u00e8re des Sports, le Roller In Line Hockey est un sport collectif en plein essor offrant un jeu spectaculaire. Agiles sur leurs rollers, habiles avec leur crosse, les hockeyeurs manient le palet et s\u2019affrontent dans des rencontres empreintes de rapidit\u00e9 et de tactique, privil\u00e9giant la finesse \u00e0 [&hellip;]<\/p>\n","protected":false},"author":1,"featured_media":0,"parent":16,"menu_order":0,"comment_status":"closed","ping_status":"closed","template":"","meta":[],"_links":{"self":[{"href":"https:\/\/wp.roulmans.com\/index.php\/wp-json\/wp\/v2\/pages\/206"}],"collection":[{"href":"https:\/\/wp.roulmans.com\/index.php\/wp-json\/wp\/v2\/pages"}],"about":[{"href":"https:\/\/wp.roulmans.com\/index.php\/wp-json\/wp\/v2\/types\/page"}],"author":[{"embeddable":true,"href":"https:\/\/wp.roulmans.com\/index.php\/wp-json\/wp\/v2\/users\/1"}],"replies":[{"embeddable":true,"href":"https:\/\/wp.roulmans.com\/index.php\/wp-json\/wp\/v2\/comments?post=206"}],"version-history":[{"count":2,"href":"https:\/\/wp.roulmans.com\/index.php\/wp-json\/wp\/v2\/pages\/206\/revisions"}],"predecessor-version":[{"id":222,"href":"https:\/\/wp.roulmans.com\/index.php\/wp-json\/wp\/v2\/pages\/206\/revisions\/222"}],"up":[{"embeddable":true,"href":"https:\/\/wp.roulmans.com\/index.php\/wp-json\/wp\/v2\/pages\/16"}],"wp:attachment":[{"href":"https:\/\/wp.roulmans.com\/index.php\/wp-json\/wp\/v2\/media?parent=206"}],"curies":[{"name":"wp","href":"https:\/\/api.w.org\/{rel}","templated":true}]}}