{"id":203,"date":"2020-12-13T15:13:06","date_gmt":"2020-12-13T14:13:06","guid":{"rendered":"http:\/\/wp.roulmans.com\/?page_id=203"},"modified":"2020-12-13T15:32:44","modified_gmt":"2020-12-13T14:32:44","slug":"randonnees-et-courses","status":"publish","type":"page","link":"https:\/\/wp.roulmans.com\/index.php\/sections\/randonnees-et-courses\/","title":{"rendered":"Randonn\u00e9es et Courses"},"content":{"rendered":"\n<p>La section&nbsp;<strong>randonn\u00e9e<\/strong>&nbsp;propose aux adh\u00e9rents des sorties hebdomadaires :&nbsp;<\/p>\n\n\n\n<ul><li>le vendredi \u00e0 partir de 20h30, en fonction de la m\u00e9t\u00e9o (voir le feu bicolore sur le site)<\/li><li>le d\u00e9part se fait depuis le parking Quai Louis Blanc<\/li><li>le niveau de patinage devra \u00eatre \u00e9valu\u00e9 avant la premi\u00e8re participation<\/li><li>se renseigner aupr\u00e8s du responsable de la section via le formulaire de contact dans la rubrique Infos Pratiques.<\/li><\/ul>\n\n\n\n<p>Pour s&#8217;\u00e9vader&nbsp;<em>g\u00e9ographiquement<\/em>, au cours de l&#8217;ann\u00e9e des sorties plus longues sont aussi propos\u00e9es sur des voies vertes \u00e0 quelques heures de route !<\/p>\n\n\n\n<p>Pour s&#8217;\u00e9vader&nbsp;<em>psychologiquement<\/em>,&nbsp;<strong>Roul&#8217;Mans<\/strong><strong>&nbsp;<\/strong>organise un rallye roller dans la ville du Mans, \u00e9v\u00e9nement&nbsp;immanquable, qui se caract\u00e9rise par la d\u00e9contraction des participants &nbsp;<em>(qui n&#8217;a d&#8217;\u00e9gal que le rel\u00e2chement<\/em><em>&nbsp;<\/em><em>des organisateurs&#8230;).<\/em>La section&nbsp;<strong>randonn\u00e9e<\/strong>&nbsp;propose aussi aux adh\u00e9rents de participer \u00e0 quelques courses d&#8217;endurance en \u00e9quipe&nbsp;<em>(<\/em><em><strong>Roul&#8217;Mans<\/strong>&nbsp;a d\u00e9j\u00e0 particip\u00e9 aux: 6h de Touraine, d&#8217;Angers, Paris&#8230;)<\/em>.&nbsp;<\/p>\n\n\n\n<p>Enfin chaque ann\u00e9e&nbsp;<strong>Roul&#8217;Mans<\/strong>&nbsp;participe aux 24h roller sur le circuit Bugatti au Mans !<\/p>\n\n\n\n<p>Damien.<\/p>\n","protected":false},"excerpt":{"rendered":"<p>La section&nbsp;randonn\u00e9e&nbsp;propose aux adh\u00e9rents des sorties hebdomadaires :&nbsp; le vendredi \u00e0 partir de 20h30, en fonction de la m\u00e9t\u00e9o (voir le feu bicolore sur le site) le d\u00e9part se fait depuis le parking Quai Louis Blanc le niveau de patinage devra \u00eatre \u00e9valu\u00e9 avant la premi\u00e8re participation se renseigner aupr\u00e8s du responsable de la section [&hellip;]<\/p>\n","protected":false},"author":1,"featured_media":0,"parent":16,"menu_order":0,"comment_status":"closed","ping_status":"closed","template":"","meta":[],"_links":{"self":[{"href":"https:\/\/wp.roulmans.com\/index.php\/wp-json\/wp\/v2\/pages\/203"}],"collection":[{"href":"https:\/\/wp.roulmans.com\/index.php\/wp-json\/wp\/v2\/pages"}],"about":[{"href":"https:\/\/wp.roulmans.com\/index.php\/wp-json\/wp\/v2\/types\/page"}],"author":[{"embeddable":true,"href":"https:\/\/wp.roulmans.com\/index.php\/wp-json\/wp\/v2\/users\/1"}],"replies":[{"embeddable":true,"href":"https:\/\/wp.roulmans.com\/index.php\/wp-json\/wp\/v2\/comments?post=203"}],"version-history":[{"count":3,"href":"https:\/\/wp.roulmans.com\/index.php\/wp-json\/wp\/v2\/pages\/203\/revisions"}],"predecessor-version":[{"id":258,"href":"https:\/\/wp.roulmans.com\/index.php\/wp-json\/wp\/v2\/pages\/203\/revisions\/258"}],"up":[{"embeddable":true,"href":"https:\/\/wp.roulmans.com\/index.php\/wp-json\/wp\/v2\/pages\/16"}],"wp:attachment":[{"href":"https:\/\/wp.roulmans.com\/index.php\/wp-json\/wp\/v2\/media?parent=203"}],"curies":[{"name":"wp","href":"https:\/\/api.w.org\/{rel}","templated":true}]}}